7. Calculate the remainder when 7 is divided by m(k).
3
Suppose -24 + 9 = -5*w. Calculate the remainder when 11 is divided by w.
2
Suppose -30 = -g - 4*l + 2, 0 = g + 5*l - 36. What is the remainder when 29 is divided by g?
13
Let y(m) be the second derivative of m**3/6 + 4*m**2 + 2*m. Suppose 0 = 4*p - 0 - 28. Calculate the remainder when y(12) is divided by p.
6
Suppose i = 3*v - 17, 9*v - 4*v + i = 15. Suppose 0*x + 3*p + 27 = -5*x, v*p = x - 13. What is the remainder when 22 is divided by ((-2)/5)/(x/90)?
10
Suppose -3*h - 2*h + 40 = 0. Suppose 53 = 2*k - 3*s, 2*s = -5*k - s + 164. What is the remainder when k is divided by h?
7
Suppose 0 = -3*y + 4 - 10. What is the remainder when y - (-50 + (-6)/(-2)) is divided by 16?
13
Calculate the remainder when 21 is divided by -4*4/(-104) + 74/26.
0
What is the remainder when ((-20)/25)/(4 + (-1764)/440) is divided by 9?
7
Suppose 2 = 2*n, -2*n + 33 = t - 3*n. What is the remainder when t is divided by 18?
16
What is the remainder when 32 is divided by -1 + 15 + (-9)/3?
10
Let s(q) = -3*q**3 - q - 1. Let x be s(-1). Suppose d + 4 = -4*p, 3*d + 30 = -5*p + 8*d. Let z = x + p. Calculate the remainder when z is divided by 1.
0
Suppose r - 154 = -119. Calculate the remainder when r is divided by 12.
11
Let z(x) = -2*x**2 + 34*x - 20. Calculate the remainder when 31 is divided by z(16).
7
Let n = 5 + -2. Suppose 0*w = -n*w. Let z = w + 3. Calculate the remainder when 4 is divided by z.
1
Let z be 16/3 - 2/6. Suppose -3*x + 55 = -p - 0, z*p + 55 = 4*x. Let s = 17 - -22. Calculate the remainder when s is divided by x.
19
Let i be 0 - (1 + -2)*-17. Let d = i - -26. Let p(x) = -x**3 + 4*x**2 + 3*x - 1. Calculate the remainder when p(3) is divided by d.
8
Let w = 54 - 0. Suppose -4*r = -l + 1 - 141, 5*l = r - w. Calculate the remainder when r is divided by 12.
10
Suppose 3*h = -3*r + 115 + 251, r + 5*h = 122. Suppose 23 + r = 5*u. What is the remainder when 55 is divided by u?
26
Let n(t) = -34*t**2 + 2*t + 1. Let g be n(-1). Let f = 55 + g. Calculate the remainder when f is divided by 11.
9
Let u be (-3)/(-2)*(-2 + 20). Suppose 3*r + u = 4*r. Calculate the remainder when r is divided by 10.
7
Let g(m) = -5*m - 2. Let v be g(-4). What is the remainder when 16 is divided by 15*(v/15)/2?
7
Let y = -7 + 11. Suppose 0 = a + y*a - 85. What is the remainder when a is divided by 10?
7
Let k(s) = 4*s**3 - 2*s**2 + 2*s. Let j be k(2). Suppose -5*d + 5*c - 7 + 2 = 0, -j = -4*d - 4*c. Let a = 0 + d. What is the remainder when 10 is divided by a?
1
Suppose x + 4*v = -14, -5*v - 7 = -x - 2*v. Let i be x/(2/(-21)*3). What is the remainder when 21 is divided by 82/i + 2/7?
9
Suppose -4*c = -2*y - 508, 4*y - 133 = -c + 3*y. Calculate the remainder when c is divided by 26.
25
Let h = -77 + 133. What is the remainder when h is divided by 26?
4
Let t(a) = a**3 - 2*a**2 - 2*a + 4. What is the remainder when t(4) is divided by 8?
4
Let v(h) = -h**3 + 10*h**2 - 11*h - 6. Suppose -2*m = -2*l + 10, 0 = -l - 4*m - 7 + 17. Let u = 2 + l. Calculate the remainder when v(u) is divided by 12.
10
Suppose 2*x = -2*p + 44, 4*x + p - 68 - 26 = 0. Calculate the remainder when 46 is divided by x.
22
Let y = -5 + -3. Let u = 8 + -1. Calculate the remainder when u is divided by (-2)/(y/6)*2.
1
Suppose -4*c + 2 - 10 = 0. Let w be (2/((-4)/c))/(-1). Calculate the remainder when (w/1)/((-1)/1) is divided by 1.
0
Let r be 11/(-11)*(-1)/1. Calculate the remainder when (1 - 2) + 42/r is divided by 14.
13
Let k = -15 + 32. Suppose -k = -4*f + 43. What is the remainder when f is divided by 9?
6
Let z be 1/4 + (-13)/4. Let b(s) = 2*s**2 + 5*s - 5. What is the remainder when b(4) is divided by 4*6/z*-2?
15
Let r(f) = -f**2 + 10*f + 3. Suppose 46 = 2*c + 5*w, 2*w - 49 = -5*c + 24. What is the remainder when r(7) is divided by c?
11
Let r(b) = -b - 7. Let i be r(-10). Suppose a - i = 13. What is the remainder when 47 is divided by a?
15
Let t(a) = a**2 - 11*a - 7. Let p be t(8). Let c = -16 - p. Let n(w) = -4*w**3 - w**2 + 1. What is the remainder when n(-2) is divided by c?
14
Suppose -m = -3*m + 6. Suppose r + m*n - 8*n = 35, 5*n = -5. What is the remainder when r is divided by 17?
13
Calculate the remainder when 82 is divided by 19 - (4/2 - 4).
19
Let w(f) = 2*f**2 + 8*f + 13. Calculate the remainder when w(-4) is divided by 0 - (-2*1 + -2).
1
Let j(i) = -i**3 - 5*i**2 + i + 6. Let l be j(-5). Let n = 12 + l. What is the remainder when 25 is divided by n?
12
Let a(q) = q**2 - 9*q + 10. Let n be a(10). Let d be 152/n + (-2)/(-5). Suppose -5*h + 73 = d. What is the remainder when h is divided by 5?
3
Suppose -15 + 39 = -4*v. Let o = 12 + 0. Let w = v + o. What is the remainder when 16 is divided by w?
4
Calculate the remainder when 17 is divided by 384/40 - 4/(-10).
7
Let q(w) = w + 14. Let t be q(0). Let x = 25 - t. Let a = 7 + -1. What is the remainder when x is divided by a?
5
Let y be (-1 - -4) + (-2 - 4). Let a = 16 + y. Let q = -13 + 37. Calculate the remainder when q is divided by a.
11
What is the remainder when ((-2)/5)/(5/(-150)) is divided by 7?
5
Suppose 5*x - 12 = -3*l + 35, l + 5*x = 29. Suppose -3*p = a - l, 3*a - 5*a + 4*p = -28. Calculate the remainder when a is divided by 5.
2
Let d = 2 - -9. Calculate the remainder when 86 is divided by d.
9
Let q = -4 - -36. Calculate the remainder when 93 is divided by q.
29
Let v = 343 - 216. What is the remainder when v is divided by 32?
31
Suppose -2*v = 5*u - 7 - 6, 0 = 5*u - 3*v - 18. Suppose 2*j - 2 - 4 = -4*y, u*y - 21 = 4*j. Suppose -r = -y*r + 6. What is the remainder when 4 is divided by r?
1
Suppose -5*r + 0*r - 40 = 0. Let n = -6 - r. Suppose -n*g - 3*f = -19, -71 = 4*g - 8*g + 5*f. Calculate the remainder when g is divided by 8.
6
Suppose -3*t - l + 69 = 0, 2*t + 3*l - 7 = 32. Calculate the remainder when 30 is divided by (-1)/((-3)/t)*2.
14
Suppose -4*t - 13 = -5*t. Let h(m) = -m**3 - 4*m**2 - 2*m - 1. Let c be 2*(-4)/(-2 + 4). Calculate the remainder when t is divided by h(c).
6
Let f = 31 + 7. What is the remainder when f is divided by 10?
8
Let i(y) = -2*y**2 + 27*y - 26. What is the remainder when 109 is divided by i(12)?
9
Suppose -40 + 6 = -s - i, -3*s - 5*i + 92 = 0. Calculate the remainder when 76 is divided by s.
37
Suppose -4*s = -4*v + 8*v + 12, -2*s = -3*v - 14. Let f(l) = 11*l**2 + l. Let x be f(s). Suppose 2*b - b = x. What is the remainder when 35 is divided by b?
11
Suppose -4*w - 3*r = -538, 219 = 3*w - 2*r - 176. What is the remainder when w is divided by 34?
31
Let y = 12 + -8. Suppose 4*n + 2*r = -0*r + 28, 0 = -r - y. Calculate the remainder when 16 is divided by n.
7
Suppose 4 - 28 = -g - 5*s, 74 = 5*g + 2*s. What is the remainder when 39 is divided by g?
11
Let q(m) = -m**3 - 12*m**2 - m - 2. Let r be q(-12). What is the remainder when r/((4/(-1))/(-2)) is divided by 4?
1
Let u be (6/5)/(1/(-5)). Let a(s) = -3*s + 7. Let c be a(u). Suppose 0*i = 5*i - c. What is the remainder when 18 is divided by i?
3
Suppose 0 = -5*n - 4*g + 9, 0*n - 30 = -2*n + 5*g. Suppose -o = -2*y + 37, -n*o = -4*o + 5. Calculate the remainder when y is divided by 3*(-1 + 0 - -4).
7
Let r(h) = -h. Let q be r(10). Calculate the remainder when 12/(-5)*(q - 0) is divided by 13.
11
Suppose 4*b - 50 = -b. Suppose -5*i + 84 = 3*c, 2*i + i = -3*c + 48. Calculate the remainder when i is divided by b.
8
Suppose -22 = -3*n + n. Suppose 0 = 3*m + 37 - 133. Calculate the remainder when m is divided by n.
10
Let n = -3 + 1. Let i be 16/10 - n/5. Let z(m) = 18*m + 2. What is the remainder when z(i) is divided by 13?
12
What is the remainder when ((-1)/(6/516))/((-2)/4) is divided by 35?
32
Suppose -2*x + 4*r + 6 + 2 = 0, -5*r = x + 3. Let o(t) = t - 2. What is the remainder when x is divided by o(3)?
0
Suppose 2*h = 4*h. Calculate the remainder when 30 is divided by (-16)/(-1 + 0 - h).
14
Suppose -2*r = -16 - 26. Suppose y - 2*y + 13 = -h, -5*y + 3*h + 63 = 0. Let d = y - -49. What is the remainder when d is divided by r?
19
Let g(b) = -b**3 + 5*b**2 + 3*b - 1. Let v be g(5). Let n be (-2)/(-7) - (-374)/v. Let j = n - 12. Calculate the remainder when j is divided by 6.
3
What is the remainder when 12 is divided by (-3 + 0)/(-4 - -3)?
0
Suppose 50*o = 47*o + 153. Calculate the remainder when o is divid